 193?
True
Is 2723528 a multiple of 3?
False
Is 194393026 a multiple of 359?
False
Is 415816716 a multiple of 42?
True
Is 1401 a factor of 385778868?
False
Is 36 a factor of 15018228?
True
Is 17621497 a multiple of 64?
False
Is 23 a factor of 772668499?
False
Does 25 divide 7616074?
False
Does 195 divide 33108820?
False
Is 84 a factor of 774043536?
True
Is 42179603 a multiple of 4?
False
Does 7455 divide 262393635?
True
Is 225 a factor of 195825825?
True
Is 1912122 a multiple of 114?
True
Is 780637609 a multiple of 1436?
False
Is 28 a factor of 2991576?
True
Is 177 a factor of 149173499?
False
Is 97 a factor of 29977748?
False
Does 339 divide 20913792?
False
Does 986 divide 5968010?
False
Is 182 a factor of 18094622?
True
Is 65007690 a multiple of 165?
True
Does 6392 divide 892762058?
False
Is 2235 a factor of 636382725?
True
Does 3 divide 72913185?
True
Is 523081116 a multiple of 369?
True
Is 8622790 a multiple of 5?
True
Does 23 divide 141623627?
True
Does 778 divide 276177993?
False
Is 3940 a factor of 1817940173?
False
Is 118 a factor of 476004?
False
Is 209527522 a multiple of 74?
True
Is 154 a factor of 1462978?
False
Is 247 a factor of 313293318?
True
Is 102094615 a multiple of 17?
False
Is 14118959 a multiple of 15?
False
Is 8 a factor of 27716980?
False
Does 1818 divide 263311107?
False
Is 337 a factor of 74456373?
False
Does 17 divide 21068355?
True
Does 229 divide 55919757?
False
Is 207129890 a multiple of 3190?
True
Does 47 divide 56233278?
False
Is 2348 a factor of 96619730?
False
Is 41 a factor of 25376788?
False
Does 6 divide 21935958?
True
Is 2291 a factor of 66911583?
False
Is 19 a factor of 659301045?
True
Is 77804210 a multiple of 15?
False
Does 11 divide 404580880?
True
Does 94 divide 133122282?
False
Does 7 divide 1521044?
True
Is 68068935 a multiple of 255?
True
Is 820965382 a multiple of 4044?
False
Is 49089913 a multiple of 5?
False
Is 5667215 a multiple of 9?
False
Does 72 divide 64003912?
False
Is 334 a factor of 99783528?
False
Is 3241462816 a multiple of 16?
True
Does 406 divide 2624556556?
False
Is 4027317 a multiple of 51?
True
Does 168 divide 144611371?
False
Is 11 a factor of 654068555?
False
Is 43 a factor of 312798069?
False
Is 437609130 a multiple of 1086?
True
Does 6 divide 319851696?
True
Is 23170140 a multiple of 18?
True
Is 11376940 a multiple of 172?
True
Does 15 divide 688299802?
False
Is 136341996 a multiple of 1308?
True
Is 56780500 a multiple of 20?
True
Is 9158413 a multiple of 2?
False
Does 4 divide 115271802?
False
Does 11 divide 3601532?
True
Is 6 a factor of 14867068?
False
Is 823388676 a multiple of 564?
True
Is 120 a factor of 209759528?
False
Is 24231086 a multiple of 187?
True
Does 12 divide 2572834416?
True
Does 555 divide 907502572?
False
Is 226099640 a multiple of 458?
False
Does 52 divide 18296085?
False
Does 17 divide 17363589?
False
Is 648 a factor of 392466931?
False
Is 53490444 a multiple of 524?
True
Is 56 a factor of 900565693?
False
Does 9 divide 23821368?
False
Is 81553779 a multiple of 50?
False
Is 6 a factor of 40126986?
True
Is 117416303 a multiple of 23?
False
Does 39 divide 278418465?
True
Is 95501530 a multiple of 919?
False
Does 534 divide 123095322?
False
Does 281 divide 81026892?
False
Is 186 a factor of 325121118?
True
Does 8 divide 3802185032?
True
Is 25 a factor of 119530976?
False
Is 93 a factor of 1187067852?
False
Is 110755792 a multiple of 1283?
False
Is 5 a factor of 31323487?
False
Is 49546981 a multiple of 20?
False
Is 29811224 a multiple of 255?
False
Is 102 a factor of 106769453?
False
Does 2 divide 53195078?
True
Is 14228167 a multiple of 20?
False
Does 10 divide 575735610?
True
Is 12 a factor of 11924191?
False
Is 361 a factor of 37173975?
True
Is 856717948 a multiple of 2989?
False
Does 2 divide 868605?
False
Is 38462262 a multiple of 113?
True
Does 252 divide 40510008?
True
Is 11 a factor of 211555045?
False
Is 40852270 a multiple of 478?
True
Is 1778122771 a multiple of 4192?
False
Is 119 a factor of 14033613?
False
Is 1393697 a multiple of 33?
False
Does 148 divide 3231254762?
False
Is 3024744690 a multiple of 20?
False
Is 959560656 a multiple of 997?
True
Does 7 divide 23205180?
False
Is 128255680 a multiple of 155?
True
Does 568 divide 1973109309?
False
Does 1023 divide 16483660?
False
Is 28 a factor of 1192836652?
True
Does 1974 divide 169254708?
True
Is 63063734 a multiple of 27?
False
Is 169 a factor of 997687?
False
Is 378942564 a multiple of 28?
True
Is 7023 a factor of 345075123?
False
Is 171458747 a multiple of 2235?
False
Is 108 a factor of 133794189?
False
Is 388775712 a multiple of 1014?
True
Is 92 a factor of 1329452570?
False
Is 6230088419 a multiple of 6330?
False
Is 261105362 a multiple of 584?
False
Is 30 a factor of 1206502950?
True
Is 3424647080 a multiple of 821?
False
Is 275120898 a multiple of 1436?
False
Does 13 divide 342399?
False
Does 12 divide 239629356?
True
Does 1988 divide 972957020?
True
Does 896 divide 25798724?
False
Does 986 divide 253176842?
False
Is 2710880 a multiple of 160?
True
Does 7 divide 11389266?
True
Is 33 a factor of 706992?
True
Is 1149044000 a multiple of 2326?
True
Is 134610625 a multiple of 185?
True
Is 26 a factor of 217942114?
True
Is 15547904 a multiple of 256?
True
Is 903 a factor of 44625357?
True
Is 46275428 a multiple of 103?
True
Does 2 divide 4544236?
True
Does 25 divide 13384043?
False
Is 35885234 a multiple of 154?
True
Does 32 divide 668779712?
True
Is 59712359 a multiple of 3?
False
Does 940 divide 65981420?
True
Is 5 a factor of 5869912?
False
Does 245 divide 2115620325?
True
Does 3893 divide 12320566?
False
Is 15 a factor of 410348518?
False
Is 10911472 a multiple of 304?
True
Is 4005736260 a multiple of 98?
False
Is 131464596 a multiple of 2238?
True
Is 22736935 a multiple of 5?
True
Is 4 a factor of 29403156?
True
Does 839 divide 2853403900?
False
Is 3 a factor of 30184096?
False
Does 100 divide 448043127?
False
Does 4 divide 3811719?
False
Is 1535 a factor of 154473112?
False
Does 21 divide 184789927?
False
Does 937 divide 2192676638?
False
Does 38 divide 9869512?
True
Does 3 divide 4996711?
False
Does 2945 divide 2811917136?
False
Is 273363006 a multiple of 42?
True
Is 166833126 a multiple of 1115?
False
Is 1311843074 a multiple of 1461?
False
Is 452693500 a multiple of 28?
True
Is 4463507952 a multiple of 16?
True
Does 79 divide 15892188?
False
Is 20784756 a multiple of 59?
True
Does 9 divide 43368864?
False
Is 374963504 a multiple of 4810?
False
Is 2149192 a multiple of 4?
True
Is 22371026 a multiple of 2?
True
Is 148605660 a multiple of 139?
False
Is 368 a factor of 7957852?
False
Is 399269926 a multiple of 87?
False
Is 130 a factor of 99242780?
True
Is 175 a factor of 37245955?
False
Is 19404814 a multiple of 21?
False
Is 10 a factor of 3749870?
True
Is 2607354040 a multiple of 2204?
True
Is 36 a factor of 262004616?
True
Does 50 divide 3789822950?
True
Is 2596 a factor of 146389689?
False
Is 636 a factor of 91199220?
True
Is 76 a factor of 3269513920?
True
Is 547 a factor of 92074933?
False
Is 24261059 a multiple of 33?
False
Is 3 a factor of 24975677?
False
Is 90 a factor of 5845859?
False
Is 547814401 a multiple of 197?
False
Is 11310090 a multiple of 23?
False
Is 186895466 a multiple of 653?
False
Is 790199703 a multiple of 93?
True
Is 1493395719 a multiple of 23?
False
Is 39663216 a multiple of 108?
True
Is 490880574 a multiple of 9?
True
Is 75 a factor of 46928325?
True
Is 171804394 a multiple of 706?
True
Does 935 divide 6809653620?
True
Is 152778662 a multiple of 26?
False
Is 45611003 a multiple of 704?
False
Does 6 divide 487332?
True
Does 46 divide 47717272?
True
Is 35 a factor of 30363398?
False
Is 478 a factor of 329359301?
False
Is 104 a factor of 64940484?
False
Does 2868 divide 1191246744?
True
Does 179 divide 1933558179?
True
Is 2696 a factor of 1253306069?
False
Does 11 divide 1051388676?
False
Is 9 a factor of 28754775?
True
Is 185493490 a multiple of 26?
True
Does 29 divide 23025275?
True
Is 1624379730 a multiple of 114?
True
Is 6438328 a multiple of 22?
False
Is 282 a factor of 69202800?
True
Is 16540850 a multiple of 1364?
False
Does 365 divide 25196770?
False
Is 389765928 a multiple of 200?
False
Is 46029049 a multiple of 687?
False
Does 112 divide 296851